{"id":6899,"date":"2017-10-09T09:20:58","date_gmt":"2017-10-09T08:20:58","guid":{"rendered":"http:\/\/dpubma.univ-annaba.dz\/?page_id=6899"},"modified":"2020-02-13T09:26:49","modified_gmt":"2020-02-13T08:26:49","slug":"politique-de-publication-2","status":"publish","type":"page","link":"https:\/\/synthese.univ-annaba.dz\/?page_id=6899","title":{"rendered":"Politique de Publication"},"content":{"rendered":"<p>&nbsp;<\/p>\n<p><span style=\"text-decoration: underline;\"><strong>Politique de diffusion<\/strong><\/span><\/p>\n<ul style=\"list-style-type: disc;\">\n<li>Publication en libre acc\u00e8s<\/li>\n<li>Licence de la revue: Creative Commons-Attribution 4.0 Unported-CC By 4.0<\/li>\n<\/ul>\n<p><span style=\"text-decoration: underline;\"><strong>Politique sur les frais de publication\u00a0<\/strong><\/span><\/p>\n<div>Frais de publication: non<\/div>\n<div>Frais de soumission: non<\/div>\n<p>&nbsp;<\/p>\n<p><strong><span style=\"text-decoration: underline;\">Politique\u00a0<\/span><\/strong><b><u>d\u2019\u00e9valuation<\/u><\/b><\/p>\n<div>Proc\u00e9dure d&rsquo;\u00e9valuation:\u00a0 \u00e9valuation par les pairs<\/div>\n<div>D\u00e9lai moyen entre soumission et publication: 20 semaines<\/div>\n<p>&nbsp;<\/p>\n","protected":false},"excerpt":{"rendered":"<p>&nbsp; Politique de diffusion Publication en libre acc\u00e8s Licence de la revue: Creative Commons-Attribution 4.0 Unported-CC By 4.0 Politique sur les frais de publication\u00a0 Frais de publication: non Frais de soumission: non &nbsp; Politique\u00a0d\u2019\u00e9valuation Proc\u00e9dure d&rsquo;\u00e9valuation:\u00a0 \u00e9valuation par les pairs &hellip; <a href=\"https:\/\/synthese.univ-annaba.dz\/?page_id=6899\">Lire la suite <span class=\"meta-nav\">&raquo;<\/span><\/a><\/p>\n","protected":false},"author":5,"featured_media":0,"parent":0,"menu_order":0,"comment_status":"closed","ping_status":"open","template":"","meta":{"footnotes":""},"class_list":["post-6899","page","type-page","status-publish","hentry"],"_links":{"self":[{"href":"https:\/\/synthese.univ-annaba.dz\/index.php?rest_route=\/wp\/v2\/pages\/6899","targetHints":{"allow":["GET"]}}],"collection":[{"href":"https:\/\/synthese.univ-annaba.dz\/index.php?rest_route=\/wp\/v2\/pages"}],"about":[{"href":"https:\/\/synthese.univ-annaba.dz\/index.php?rest_route=\/wp\/v2\/types\/page"}],"author":[{"embeddable":true,"href":"https:\/\/synthese.univ-annaba.dz\/index.php?rest_route=\/wp\/v2\/users\/5"}],"replies":[{"embeddable":true,"href":"https:\/\/synthese.univ-annaba.dz\/index.php?rest_route=%2Fwp%2Fv2%2Fcomments&post=6899"}],"version-history":[{"count":9,"href":"https:\/\/synthese.univ-annaba.dz\/index.php?rest_route=\/wp\/v2\/pages\/6899\/revisions"}],"predecessor-version":[{"id":8279,"href":"https:\/\/synthese.univ-annaba.dz\/index.php?rest_route=\/wp\/v2\/pages\/6899\/revisions\/8279"}],"wp:attachment":[{"href":"https:\/\/synthese.univ-annaba.dz\/index.php?rest_route=%2Fwp%2Fv2%2Fmedia&parent=6899"}],"curies":[{"name":"wp","href":"https:\/\/api.w.org\/{rel}","templated":true}]}}