{"id":1801,"date":"2014-05-19T14:37:17","date_gmt":"2014-05-19T13:37:17","guid":{"rendered":"http:\/\/dpubma.univ-annaba.dz\/?page_id=1801"},"modified":"2017-11-19T10:53:35","modified_gmt":"2017-11-19T09:53:35","slug":"telecharger-synthese","status":"publish","type":"page","link":"https:\/\/synthese.univ-annaba.dz\/?page_id=1801","title":{"rendered":"T\u00e9l\u00e9charger synth\u00e8se"},"content":{"rendered":"<table border=\"0\">\n<tbody>\n<tr>\n<td style=\"text-align: justify;\"><a href=\"http:\/\/dpubma.univ-annaba.dz\/wp-content\/uploads\/2014\/05\/synthese-30.rar\"><img loading=\"lazy\" decoding=\"async\" src=\"\/wp-content\/uploads\/2014\/04\/p2.jpg\" alt=\"p2\" width=\"49\" height=\"47\" \/>Revue synth\u00e8se N\u00b030<\/a><\/td>\n<td style=\"text-align: justify;\">\u00a0 \u00a0<a href=\"http:\/\/dpubma.univ-annaba.dz\/wp-content\/uploads\/2014\/05\/synthese-29.rar\"><img loading=\"lazy\" decoding=\"async\" src=\"\/wp-content\/uploads\/2014\/04\/p2.jpg\" alt=\"p2\" width=\"49\" height=\"47\" \/>Revue synth\u00e8se N\u00b029<\/a><\/td>\n<td style=\"text-align: justify;\">\u00a0 \u00a0 \u00a0\u00a0<a href=\"\/wp-content\/uploads\/2014\/05\/Synthese-N28.pdf\"><img loading=\"lazy\" decoding=\"async\" src=\"\/wp-content\/uploads\/2014\/04\/p2.jpg\" alt=\"p2\" width=\"49\" height=\"47\" \/><\/a>\u00a0 \u00a0 \u00a0 \u00a0<a href=\"\/wp-content\/uploads\/2014\/05\/Synthese-N28.pdf\">Revue synth\u00e8se N\u00b028<\/a><\/td>\n<\/tr>\n<tr>\n<td><a href=\"http:\/\/dpubma.univ-annaba.dz\/wp-content\/uploads\/2014\/04\/Synthese-N27.pdf\"><img loading=\"lazy\" decoding=\"async\" src=\"\/wp-content\/uploads\/2014\/04\/p2.jpg\" alt=\"p2\" width=\"49\" height=\"47\" \/> Revue synth\u00e8se N\u00b027<\/a><\/td>\n<td><a href=\"http:\/\/dpubma.univ-annaba.dz\/wp-content\/uploads\/2014\/04\/Synthese-N26.pdf\"><img loading=\"lazy\" decoding=\"async\" src=\"\/wp-content\/uploads\/2014\/04\/p2.jpg\" alt=\"p2\" width=\"46\" height=\"45\" \/><\/a><a href=\"http:\/\/dpubma.univ-annaba.dz\/wp-content\/uploads\/2014\/04\/Synthese-N26.pdf\">Revue synth\u00e8se N\u00b026<\/a><span style=\"color: #f7f6f4;\">&#8230;&#8230;&#8230;&#8230;&#8230;..<\/span><\/td>\n<td><a href=\"http:\/\/dpubma.univ-annaba.dz\/wp-content\/uploads\/2014\/04\/Synthese-N25.pdf\"><img loading=\"lazy\" decoding=\"async\" src=\"\/wp-content\/uploads\/2014\/04\/p2.jpg\" alt=\"p2\" width=\"49\" height=\"47\" \/><\/a><a href=\"http:\/\/dpubma.univ-annaba.dz\/wp-content\/uploads\/2014\/04\/Synthese-N25.pdf\">Revue synth\u00e8se N\u00b025<\/a><span style=\"color: #f7f6f4;\">&#8230;&#8230;&#8230;&#8230;&#8230;..<\/span><\/td>\n<\/tr>\n<tr>\n<td><a href=\"http:\/\/dpubma.univ-annaba.dz\/wp-content\/uploads\/2014\/04\/Synthese-N24.pdf\"><img loading=\"lazy\" decoding=\"async\" src=\"\/wp-content\/uploads\/2014\/04\/p2.jpg\" alt=\"p2\" width=\"49\" height=\"47\" \/><\/a><a href=\"http:\/\/dpubma.univ-annaba.dz\/wp-content\/uploads\/2014\/04\/Synthese-N24.pdf\">Revue synth\u00e8se N\u00b024<\/a><\/td>\n<td><a href=\"http:\/\/dpubma.univ-annaba.dz\/wp-content\/uploads\/2014\/04\/Synthese-N23.pdf\"><img loading=\"lazy\" decoding=\"async\" src=\"\/wp-content\/uploads\/2014\/04\/p2.jpg\" alt=\"p2\" width=\"49\" height=\"47\" \/><\/a><a href=\"http:\/\/dpubma.univ-annaba.dz\/wp-content\/uploads\/2014\/04\/Synthese-N23.pdf\">Revue synth\u00e8se N\u00b023<\/a><\/td>\n<td><a href=\"http:\/\/dpubma.univ-annaba.dz\/wp-content\/uploads\/2014\/04\/Synthese-N22.pdf\"><img loading=\"lazy\" decoding=\"async\" src=\"\/wp-content\/uploads\/2014\/04\/p2.jpg\" alt=\"p2\" width=\"49\" height=\"47\" \/><\/a><a href=\"http:\/\/dpubma.univ-annaba.dz\/wp-content\/uploads\/2014\/04\/Synthese-N22.pdf\">Revue synth\u00e8se N\u00b022<\/a><\/td>\n<\/tr>\n<tr>\n<td><a href=\"http:\/\/dpubma.univ-annaba.dz\/wp-content\/uploads\/2014\/04\/Synthese-N21.pdf\"><img loading=\"lazy\" decoding=\"async\" src=\"\/wp-content\/uploads\/2014\/04\/p2.jpg\" alt=\"p2\" width=\"49\" height=\"47\" \/>Revue synth\u00e8se N\u00b021<\/a><\/td>\n<td><a href=\"http:\/\/dpubma.univ-annaba.dz\/wp-content\/uploads\/2014\/04\/Synthese-N20.pdf\"><img loading=\"lazy\" decoding=\"async\" src=\"\/wp-content\/uploads\/2014\/04\/p2.jpg\" alt=\"p2\" width=\"49\" height=\"47\" \/>Revue synth\u00e8se N\u00b020<\/a><\/td>\n<td><a href=\"http:\/\/dpubma.univ-annaba.dz\/wp-content\/uploads\/2014\/04\/Synthese-N19.pdf\"><img loading=\"lazy\" decoding=\"async\" src=\"\/wp-content\/uploads\/2014\/04\/p2.jpg\" alt=\"p2\" width=\"49\" height=\"47\" \/>Revue synth\u00e8se N\u00b019<\/a><\/td>\n<\/tr>\n<tr>\n<td><a href=\"http:\/\/dpubma.univ-annaba.dz\/wp-content\/uploads\/2014\/05\/synthese-18.pdf\" target=\"_blank\"><img loading=\"lazy\" decoding=\"async\" src=\"\/wp-content\/uploads\/2014\/04\/p2.jpg\" alt=\"p2\" width=\"49\" height=\"47\" \/>Revue synth\u00e8se N\u00b018<\/a><\/td>\n<td><a href=\"http:\/\/dpubma.univ-annaba.dz\/wp-content\/uploads\/2014\/04\/Synthese-N17.pdf\"><img loading=\"lazy\" decoding=\"async\" src=\"\/wp-content\/uploads\/2014\/04\/p2.jpg\" alt=\"p2\" width=\"49\" height=\"47\" \/>Revue synth\u00e8se N\u00b017<\/a><\/td>\n<td><a href=\"http:\/\/dpubma.univ-annaba.dz\/wp-content\/uploads\/2014\/04\/synthese-N16.pdf\"><img loading=\"lazy\" decoding=\"async\" src=\"\/wp-content\/uploads\/2014\/04\/p2.jpg\" alt=\"p2\" width=\"49\" height=\"47\" \/>Revue synth\u00e8se N\u00b016<\/a><\/td>\n<\/tr>\n<tr>\n<td><a href=\"http:\/\/dpubma.univ-annaba.dz\/wp-content\/uploads\/2014\/04\/Synthese-N15.pdf\"><img loading=\"lazy\" decoding=\"async\" src=\"\/wp-content\/uploads\/2014\/04\/p2.jpg\" alt=\"p2\" width=\"49\" height=\"47\" \/>Revue synth\u00e8se N\u00b015<\/a><\/td>\n<td><a href=\"http:\/\/dpubma.univ-annaba.dz\/wp-content\/uploads\/2014\/04\/Synthese-N14.pdf\"><img loading=\"lazy\" decoding=\"async\" src=\"\/wp-content\/uploads\/2014\/04\/p2.jpg\" alt=\"p2\" width=\"49\" height=\"47\" \/>Revue synth\u00e8se N\u00b014<\/a><\/td>\n<td><a href=\"http:\/\/dpubma.univ-annaba.dz\/wp-content\/uploads\/2014\/04\/Synthese-N13.pdf\"><img loading=\"lazy\" decoding=\"async\" src=\"\/wp-content\/uploads\/2014\/04\/p2.jpg\" alt=\"p2\" width=\"49\" height=\"47\" \/>Revue synth\u00e8se N\u00b013<\/a><\/td>\n<\/tr>\n<tr>\n<td><a href=\"http:\/\/dpubma.univ-annaba.dz\/wp-content\/uploads\/2014\/04\/Synthese-N12.pdf\"><img loading=\"lazy\" decoding=\"async\" src=\"\/wp-content\/uploads\/2014\/04\/p2.jpg\" alt=\"p2\" width=\"49\" height=\"47\" \/>Revue synth\u00e8se N\u00b012<\/a><\/td>\n<td><a href=\"http:\/\/dpubma.univ-annaba.dz\/wp-content\/uploads\/2014\/04\/Synthese-N11.pdf\"><img loading=\"lazy\" decoding=\"async\" src=\"\/wp-content\/uploads\/2014\/04\/p2.jpg\" alt=\"p2\" width=\"49\" height=\"47\" \/>Revue synth\u00e8se N\u00b011<\/a><\/td>\n<td><a href=\"http:\/\/dpubma.univ-annaba.dz\/wp-content\/uploads\/2013\/10\/Synthese-N10.pdf\"><img loading=\"lazy\" decoding=\"async\" src=\"\/wp-content\/uploads\/2014\/04\/p2.jpg\" alt=\"p2\" width=\"49\" height=\"47\" \/>Revue synth\u00e8se N\u00b010<\/a><\/td>\n<\/tr>\n<tr>\n<td><a href=\"http:\/\/dpubma.univ-annaba.dz\/wp-content\/uploads\/2013\/10\/Synthese-N09.pdf\"><img loading=\"lazy\" decoding=\"async\" src=\"\/wp-content\/uploads\/2014\/04\/p2.jpg\" alt=\"p2\" width=\"49\" height=\"47\" \/>Revue synth\u00e8se N\u00b09<\/a><\/td>\n<td><a href=\"http:\/\/dpubma.univ-annaba.dz\/wp-content\/uploads\/2013\/10\/Synthese-N08.pdf\"><img loading=\"lazy\" decoding=\"async\" src=\"\/wp-content\/uploads\/2014\/04\/p2.jpg\" alt=\"p2\" width=\"49\" height=\"47\" \/>Revue synth\u00e8se N\u00b08<\/a><\/td>\n<td><a href=\"http:\/\/dpubma.univ-annaba.dz\/wp-content\/uploads\/2013\/10\/Synthese-N07.pdf\"><img loading=\"lazy\" decoding=\"async\" src=\"\/wp-content\/uploads\/2014\/04\/p2.jpg\" alt=\"p2\" width=\"49\" height=\"47\" \/>Revue synth\u00e8se N\u00b07<\/a><\/td>\n<\/tr>\n<tr>\n<td><img loading=\"lazy\" decoding=\"async\" src=\"\/wp-content\/uploads\/2014\/04\/p2.jpg\" alt=\"p2\" width=\"49\" height=\"47\" \/><a href=\"http:\/\/dpubma.univ-annaba.dz\/wp-content\/uploads\/2014\/05\/Synth\u00e8se-N06-partie1.pdf\">Revue synth\u00e8se N\u00b06.partie1 <\/a>et <a href=\"http:\/\/dpubma.univ-annaba.dz\/wp-content\/uploads\/2014\/05\/Synth\u00e8se-N06-partie2.pdf\">N\u00b06. partie2<\/a><\/td>\n<td><a href=\"http:\/\/dpubma.univ-annaba.dz\/wp-content\/uploads\/2013\/10\/Synthese-N05.pdf\"><img loading=\"lazy\" decoding=\"async\" src=\"\/wp-content\/uploads\/2014\/04\/p2.jpg\" alt=\"p2\" width=\"49\" height=\"47\" \/>Revue synth\u00e8se N\u00b05<\/a><\/td>\n<td><a href=\"http:\/\/dpubma.univ-annaba.dz\/wp-content\/uploads\/2014\/05\/Synthese-N04.pdf\"><img loading=\"lazy\" decoding=\"async\" src=\"\/wp-content\/uploads\/2014\/04\/p2.jpg\" alt=\"p2\" width=\"49\" height=\"47\" \/>Revue synth\u00e8se N\u00b04<\/a><\/td>\n<\/tr>\n<tr>\n<td><a href=\"\/wp-content\/uploads\/2014\/04\/p2.jpg\"><img loading=\"lazy\" decoding=\"async\" src=\"\/wp-content\/uploads\/2014\/04\/p2.jpg\" alt=\"p2\" width=\"49\" height=\"47\" \/><\/a>Revue synth\u00e8se N\u00b03<\/td>\n<td><a href=\"http:\/\/dpubma.univ-annaba.dz\/wp-content\/uploads\/2013\/10\/Synthese-N02.pdf\"><img loading=\"lazy\" decoding=\"async\" src=\"\/wp-content\/uploads\/2014\/04\/p2.jpg\" alt=\"p2\" width=\"49\" height=\"47\" \/>Revue synth\u00e8se N\u00b02<\/a><\/td>\n<td><a href=\"http:\/\/dpubma.univ-annaba.dz\/wp-content\/uploads\/2013\/10\/Synthese-N01.pdf\"><img loading=\"lazy\" decoding=\"async\" src=\"\/wp-content\/uploads\/2014\/04\/p2.jpg\" alt=\"p2\" width=\"49\" height=\"47\" \/>Revue synth\u00e8se N\u00b01<\/a><\/td>\n<\/tr>\n<\/tbody>\n<\/table>\n<p>&nbsp;<\/p>\n<div id=\"SL_balloon_obj\" style=\"display: block;\">\n<div id=\"SL_button\" class=\"SL_ImTranslatorLogo\" style=\"background: rgba(0, 0, 0, 0) url('moz-extension:\/\/755fc939-1403-49d6-abe0-00414ee4c91f\/content\/img\/util\/imtranslator-s.png') repeat scroll 0% 0%; opacity: 1; display: none; left: 941px; top: 944px;\"><\/div>\n<div id=\"SL_shadow_translation_result2\" style=\"display: none;\"><\/div>\n<div id=\"SL_shadow_translator\" style=\"display: none;\">\n<div id=\"SL_planshet\">\n<div id=\"SL_arrow_up\" style=\"background: rgba(0, 0, 0, 0) url('moz-extension:\/\/755fc939-1403-49d6-abe0-00414ee4c91f\/content\/img\/util\/up.png') repeat scroll 0% 0%;\"><\/div>\n<div id=\"SL_Bproviders\">\n<div id=\"SL_P0\" class=\"SL_BL_LABLE_ON\" title=\"Google\">G<\/div>\n<div id=\"SL_P1\" class=\"SL_BL_LABLE_ON\" title=\"Microsoft\">M<\/div>\n<div id=\"SL_P2\" class=\"SL_BL_LABLE_ON\" title=\"Translator\">T<\/div>\n<\/div>\n<div id=\"SL_alert_bbl\" style=\"display: none;\"><\/div>\n<div id=\"SL_TB\">\n<table id=\"SL_tables\" cellspacing=\"1\">\n<tr>\n<td class=\"SL_td\" align=\"right\" width=\"10%\"><input id=\"SL_locer\" title=\"Fixer la langue\" type=\"checkbox\" \/><\/td>\n<td class=\"SL_td\" align=\"left\" width=\"20%\"><select id=\"SL_lng_from\" style=\"background: #ffffff url('moz-extension:\/\/755fc939-1403-49d6-abe0-00414ee4c91f\/content\/img\/util\/select.png') no-repeat scroll 100% 0px;\"><option value=\"auto\">D\u00e9tecter la langue<\/option><option value=\"af\">Afrikaans<\/option><option value=\"sq\">Albanais<\/option><option value=\"de\">Allemand<\/option><option value=\"en\">Anglais<\/option><option value=\"ar\">Arabe<\/option><option value=\"hy\">Arm\u00e9nien<\/option><option value=\"az\">Az\u00e9ri<\/option><option value=\"eu\">Basque<\/option><option value=\"bn\">Bengali<\/option><option value=\"be\">Bi\u00e9lorusse<\/option><option value=\"my\">Birman<\/option><option value=\"bs\">Bosniaque<\/option><option value=\"bg\">Bulgare<\/option><option value=\"ca\">Catalan<\/option><option value=\"ceb\">Cebuano<\/option><option value=\"ny\">Chichewa<\/option><option value=\"zh-CN\">Chinois (Simp)<\/option><option value=\"zh-TW\">Chinois (Trad)<\/option><option value=\"si\">Cingalai<\/option><option value=\"ko\">Cor\u00e9en<\/option><option value=\"ht\">Cr\u00e9ole ha\u00eftien<\/option><option value=\"hr\">Croate<\/option><option value=\"da\">Danois<\/option><option value=\"es\">Espagnol<\/option><option value=\"eo\">Esp\u00e9ranto<\/option><option value=\"et\">Estonien<\/option><option value=\"fi\">Finnois<\/option><option value=\"fr\">Fran\u00e7ais<\/option><option value=\"gl\">Galicien<\/option><option value=\"cy\">Gallois<\/option><option value=\"ka\">G\u00e9orgien<\/option><option value=\"gu\">Goudjarati<\/option><option value=\"el\">Grec<\/option><option value=\"ha\">Haoussa<\/option><option value=\"iw\">H\u00e9breu<\/option><option value=\"hi\">Hindi<\/option><option value=\"hmn\">Hmong<\/option><option value=\"hu\">Hongrois<\/option><option value=\"ig\">Igbo<\/option><option value=\"id\">Indon\u00e9sien<\/option><option value=\"ga\">Irlandais<\/option><option value=\"is\">Islandais<\/option><option value=\"it\">Italien<\/option><option value=\"ja\">Japonais<\/option><option value=\"jw\">Javanais<\/option><option value=\"kn\">Kannada<\/option><option value=\"kk\">Kazakh<\/option><option value=\"km\">Khmer<\/option><option value=\"lo\">Laotien<\/option><option value=\"la\">Latin<\/option><option value=\"lv\">Letton<\/option><option value=\"lt\">Lituanien<\/option><option value=\"mk\">Mac\u00e9donien<\/option><option value=\"ms\">Malaisien<\/option><option value=\"ml\">Malayalam<\/option><option value=\"mg\">Malgache<\/option><option value=\"mt\">Maltais<\/option><option value=\"mi\">Maori<\/option><option value=\"mr\">Marathi<\/option><option value=\"mn\">Mongol<\/option><option value=\"nl\">N\u00e9erlandais<\/option><option value=\"ne\">N\u00e9palais<\/option><option value=\"no\">Norv\u00e9gien<\/option><option value=\"uz\">Ouzbek<\/option><option value=\"pa\">Panjabi<\/option><option value=\"fa\">Persan<\/option><option value=\"pl\">Polonais<\/option><option value=\"pt\">Portugais<\/option><option value=\"ro\">Roumain<\/option><option value=\"ru\">Russe<\/option><option value=\"sr\">Serbe<\/option><option value=\"st\">Sesotho<\/option><option value=\"sk\">Slovaque<\/option><option value=\"sl\">Slov\u00e8ne<\/option><option value=\"so\">Somali<\/option><option value=\"su\">Soudanais<\/option><option value=\"sv\">Su\u00e9dois<\/option><option value=\"sw\">Swahili<\/option><option value=\"tg\">Tadjik<\/option><option value=\"tl\">Tagalog<\/option><option value=\"ta\">Tamoul<\/option><option value=\"cs\">Tch\u00e8que<\/option><option value=\"te\">Telugu<\/option><option value=\"th\">Tha\u00ef<\/option><option value=\"tr\">Turc<\/option><option value=\"uk\">Ukrainien<\/option><option value=\"ur\">Urdu<\/option><option value=\"vi\">Vietnamien<\/option><option value=\"yi\">Yiddish<\/option><option value=\"yo\">Yorouba<\/option><option value=\"zu\">Zoulou<\/option><\/select><\/td>\n<td class=\"SL_td\" align=\"center\" width=\"3\"><\/td>\n<td class=\"SL_td\" align=\"left\" width=\"20%\"><select id=\"SL_lng_to\" style=\"background: #ffffff url('moz-extension:\/\/755fc939-1403-49d6-abe0-00414ee4c91f\/content\/img\/util\/select.png') no-repeat scroll 100% 0px;\"><option value=\"af\">Afrikaans<\/option><option value=\"sq\">Albanais<\/option><option value=\"de\">Allemand<\/option><option value=\"en\">Anglais<\/option><option value=\"ar\">Arabe<\/option><option value=\"hy\">Arm\u00e9nien<\/option><option value=\"az\">Az\u00e9ri<\/option><option value=\"eu\">Basque<\/option><option value=\"bn\">Bengali<\/option><option value=\"be\">Bi\u00e9lorusse<\/option><option value=\"my\">Birman<\/option><option value=\"bs\">Bosniaque<\/option><option value=\"bg\">Bulgare<\/option><option value=\"ca\">Catalan<\/option><option value=\"ceb\">Cebuano<\/option><option value=\"ny\">Chichewa<\/option><option value=\"zh-CN\">Chinois (Simp)<\/option><option value=\"zh-TW\">Chinois (Trad)<\/option><option value=\"si\">Cingalai<\/option><option value=\"ko\">Cor\u00e9en<\/option><option value=\"ht\">Cr\u00e9ole ha\u00eftien<\/option><option value=\"hr\">Croate<\/option><option value=\"da\">Danois<\/option><option value=\"es\">Espagnol<\/option><option value=\"eo\">Esp\u00e9ranto<\/option><option value=\"et\">Estonien<\/option><option value=\"fi\">Finnois<\/option><option selected=\"selected\" value=\"fr\">Fran\u00e7ais<\/option><option value=\"gl\">Galicien<\/option><option value=\"cy\">Gallois<\/option><option value=\"ka\">G\u00e9orgien<\/option><option value=\"gu\">Goudjarati<\/option><option value=\"el\">Grec<\/option><option value=\"ha\">Haoussa<\/option><option value=\"iw\">H\u00e9breu<\/option><option value=\"hi\">Hindi<\/option><option value=\"hmn\">Hmong<\/option><option value=\"hu\">Hongrois<\/option><option value=\"ig\">Igbo<\/option><option value=\"id\">Indon\u00e9sien<\/option><option value=\"ga\">Irlandais<\/option><option value=\"is\">Islandais<\/option><option value=\"it\">Italien<\/option><option value=\"ja\">Japonais<\/option><option value=\"jw\">Javanais<\/option><option value=\"kn\">Kannada<\/option><option value=\"kk\">Kazakh<\/option><option value=\"km\">Khmer<\/option><option value=\"lo\">Laotien<\/option><option value=\"la\">Latin<\/option><option value=\"lv\">Letton<\/option><option value=\"lt\">Lituanien<\/option><option value=\"mk\">Mac\u00e9donien<\/option><option value=\"ms\">Malaisien<\/option><option value=\"ml\">Malayalam<\/option><option value=\"mg\">Malgache<\/option><option value=\"mt\">Maltais<\/option><option value=\"mi\">Maori<\/option><option value=\"mr\">Marathi<\/option><option value=\"mn\">Mongol<\/option><option value=\"nl\">N\u00e9erlandais<\/option><option value=\"ne\">N\u00e9palais<\/option><option value=\"no\">Norv\u00e9gien<\/option><option value=\"uz\">Ouzbek<\/option><option value=\"pa\">Panjabi<\/option><option value=\"fa\">Persan<\/option><option value=\"pl\">Polonais<\/option><option value=\"pt\">Portugais<\/option><option value=\"ro\">Roumain<\/option><option value=\"ru\">Russe<\/option><option value=\"sr\">Serbe<\/option><option value=\"st\">Sesotho<\/option><option value=\"sk\">Slovaque<\/option><option value=\"sl\">Slov\u00e8ne<\/option><option value=\"so\">Somali<\/option><option value=\"su\">Soudanais<\/option><option value=\"sv\">Su\u00e9dois<\/option><option value=\"sw\">Swahili<\/option><option value=\"tg\">Tadjik<\/option><option value=\"tl\">Tagalog<\/option><option value=\"ta\">Tamoul<\/option><option value=\"cs\">Tch\u00e8que<\/option><option value=\"te\">Telugu<\/option><option value=\"th\">Tha\u00ef<\/option><option value=\"tr\">Turc<\/option><option value=\"uk\">Ukrainien<\/option><option value=\"ur\">Urdu<\/option><option value=\"vi\">Vietnamien<\/option><option value=\"yi\">Yiddish<\/option><option value=\"yo\">Yorouba<\/option><option value=\"zu\">Zoulou<\/option><\/select><\/td>\n<td class=\"SL_td\" align=\"center\" width=\"8%\"><\/td>\n<td class=\"SL_td\" align=\"center\" width=\"8%\"><\/td>\n<td class=\"SL_td\" align=\"center\" width=\"8%\"><\/td>\n<td class=\"SL_td\" align=\"center\" width=\"8%\"><\/td>\n<td class=\"SL_td\" align=\"right\" width=\"15%\"><\/td>\n<\/tr>\n<\/table>\n<\/div>\n<\/div>\n<div id=\"SL_shadow_translation_result\" style=\"visibility: visible;\"><\/div>\n<div id=\"SL_loading\" class=\"SL_loading\" style=\"background: rgba(0, 0, 0, 0) url('moz-extension:\/\/755fc939-1403-49d6-abe0-00414ee4c91f\/content\/img\/util\/loading.gif') repeat scroll 0% 0%;\"><\/div>\n<div id=\"SL_player2\"><\/div>\n<div id=\"SL_alert100\">Fonction Sound est limit\u00e9e \u00e0 200 caract\u00e8res<\/div>\n<div id=\"SL_Balloon_options\" style=\"background: #ffffff url('moz-extension:\/\/755fc939-1403-49d6-abe0-00414ee4c91f\/content\/img\/util\/bg3.png') repeat scroll 0% 0%;\">\n<div id=\"SL_arrow_down\" style=\"background: rgba(0, 0, 0, 0) url('moz-extension:\/\/755fc939-1403-49d6-abe0-00414ee4c91f\/content\/img\/util\/down.png') repeat scroll 0% 0%;\"><\/div>\n<table id=\"SL_tbl_opt\" width=\"100%\">\n<tr>\n<td align=\"center\" width=\"5%\"><input id=\"SL_BBL_locer\" title=\"Afficher le bouton ImTranslator 3 secondes\" checked=\"checked\" type=\"checkbox\" \/><\/td>\n<td align=\"left\" width=\"5%\"><\/td>\n<td align=\"center\" width=\"70%\"><a class=\"SL_options\" title=\"Afficher les options\" href=\"moz-extension:\/\/755fc939-1403-49d6-abe0-00414ee4c91f\/content\/html\/options\/options.html?bbl\" target=\"_blank\">Options<\/a> : <a class=\"SL_options\" title=\"Historique des traductions\" href=\"moz-extension:\/\/755fc939-1403-49d6-abe0-00414ee4c91f\/content\/html\/options\/options.html?hist\" target=\"_blank\">Historique<\/a> : <a class=\"SL_options\" title=\"Commentaires\" href=\"moz-extension:\/\/755fc939-1403-49d6-abe0-00414ee4c91f\/content\/html\/options\/options.html?feed\" target=\"_blank\">Commentaires<\/a> : <a class=\"SL_options\" title=\"Faire une contribution\" href=\"https:\/\/www.paypal.com\/cgi-bin\/webscr?cmd=_s-xclick&amp;hosted_button_id=GD9D8CPW8HFA2\" target=\"_blank\">Donate<\/a><\/td>\n<td align=\"right\" width=\"15%\"><span id=\"SL_Balloon_Close\" title=\"Fermer\">Fermer<\/span><\/td>\n<\/tr>\n<\/table>\n<\/div>\n<\/div>\n<\/div>\n","protected":false},"excerpt":{"rendered":"<p>Revue synth\u00e8se N\u00b030 \u00a0 \u00a0Revue synth\u00e8se N\u00b029 \u00a0 \u00a0 \u00a0\u00a0\u00a0 \u00a0 \u00a0 \u00a0Revue synth\u00e8se N\u00b028 Revue synth\u00e8se N\u00b027 Revue synth\u00e8se N\u00b026&#8230;&#8230;&#8230;&#8230;&#8230;.. Revue synth\u00e8se N\u00b025&#8230;&#8230;&#8230;&#8230;&#8230;.. Revue synth\u00e8se N\u00b024 Revue synth\u00e8se N\u00b023 Revue synth\u00e8se N\u00b022 Revue synth\u00e8se N\u00b021 Revue synth\u00e8se N\u00b020 Revue &hellip; <a href=\"https:\/\/synthese.univ-annaba.dz\/?page_id=1801\">Lire la suite <span class=\"meta-nav\">&raquo;<\/span><\/a><\/p>\n","protected":false},"author":3,"featured_media":0,"parent":0,"menu_order":0,"comment_status":"closed","ping_status":"open","template":"full-width-page.php","meta":{"footnotes":""},"class_list":["post-1801","page","type-page","status-publish","hentry"],"_links":{"self":[{"href":"https:\/\/synthese.univ-annaba.dz\/index.php?rest_route=\/wp\/v2\/pages\/1801","targetHints":{"allow":["GET"]}}],"collection":[{"href":"https:\/\/synthese.univ-annaba.dz\/index.php?rest_route=\/wp\/v2\/pages"}],"about":[{"href":"https:\/\/synthese.univ-annaba.dz\/index.php?rest_route=\/wp\/v2\/types\/page"}],"author":[{"embeddable":true,"href":"https:\/\/synthese.univ-annaba.dz\/index.php?rest_route=\/wp\/v2\/users\/3"}],"replies":[{"embeddable":true,"href":"https:\/\/synthese.univ-annaba.dz\/index.php?rest_route=%2Fwp%2Fv2%2Fcomments&post=1801"}],"version-history":[{"count":27,"href":"https:\/\/synthese.univ-annaba.dz\/index.php?rest_route=\/wp\/v2\/pages\/1801\/revisions"}],"predecessor-version":[{"id":6933,"href":"https:\/\/synthese.univ-annaba.dz\/index.php?rest_route=\/wp\/v2\/pages\/1801\/revisions\/6933"}],"wp:attachment":[{"href":"https:\/\/synthese.univ-annaba.dz\/index.php?rest_route=%2Fwp%2Fv2%2Fmedia&parent=1801"}],"curies":[{"name":"wp","href":"https:\/\/api.w.org\/{rel}","templated":true}]}}